 -96*o - 12 - 200*o + 5. Let j(w) = 148*w + 4. Let s(p) = -3*h(p) - 5*j(p). Is s(3) a composite number?
True
Let q = 8 - 14. Let i be (-2)/6*q/2. Is (178/4)/(i/6) prime?
False
Suppose 5*q - 3283451 = -3*d, -2*d + 3283444 = 72*q - 67*q. Is q a composite number?
True
Suppose 5*y = 20, -51999 - 138604 = -5*p - 2*y. Is p a prime number?
True
Suppose -11*q + 5*q - 24 = 0. Let c(p) be the first derivative of 16*p**3 + 2*p**2 + 5*p + 20. Is c(q) a composite number?
False
Let r(f) = -2652*f - 1. Let h(c) = 13259*c + 4. Let t(u) = -2*h(u) - 11*r(u). Is t(1) composite?
False
Let l = 430 + 6. Is 1 + -1*l/(-2) a composite number?
True
Suppose -5*l - 5*z + 215090 = 0, 172075 = 4*l - 0*z + 3*z. Is l a prime number?
False
Let x(p) = 1787*p + 529. Is x(11) composite?
True
Let c(m) = -m**3 - 9*m**2 - 6*m + 16. Let n(b) = -2*b + 24. Let u be n(16). Let g be c(u). Suppose -3*x + 40 - 19 = g. Is x prime?
True
Let q = -147314 - -269224. Suppose 10*a - 5*u = 5*a + q, 24380 = a - 3*u. Is a a composite number?
True
Let c = 114671 + -57454. Is c prime?
False
Let d = 882520 - 92247. Is d a prime number?
False
Suppose 0 = 4*g + 4*p - 1050348, -3*g - 620*p = -624*p - 787733. Is g prime?
True
Let d be ((-60)/36)/(2*1/(-3330)). Let i = -1304 + d. Is i a composite number?
False
Suppose -6*j - 2*j = -427656. Suppose j = -4*l + 7*l. Is l composite?
True
Suppose 0 = -11*f + 14*f - 9. Suppose -f*y + 24 = y. Let l = 105 + y. Is l a prime number?
False
Let p = -127633 + 200126. Is p composite?
False
Let g(s) be the third derivative of 59*s**5/60 + 11*s**4/24 + 7*s**3/6 - 15*s**2. Is g(-4) prime?
True
Let c = -2077 - -2085. Let x be (-37543)/(-5) - 4/(-10). Suppose 0 = c*a - 11*a + x. Is a a composite number?
False
Suppose z = -11 + 13. Suppose -2*s + 724 = z*s. Suppose -67 = -d - 5*x, 87 = 4*d + 3*x - s. Is d a composite number?
False
Let r be 1813 - (-2 + 11 + -9). Let h = 14136 - r. Is h a composite number?
False
Let d(o) = 7*o + 20. Let j be d(-10). Let s = j - -55. Suppose 2719 = s*w - 4*b, -782 - 307 = -2*w + 3*b. Is w prime?
False
Let l = -134026 + 241919. Is l a composite number?
True
Let b(k) = 942*k + 23. Let a(w) = -5*w + 69. Let v be a(12). Is b(v) composite?
False
Suppose -2*t + 4*p + 2667989 = -627945, 0 = -2*p + 16. Is t prime?
False
Let g be (-588)/(-192) - (-2)/(-32). Suppose 0 = 3*u + 5*l - 41983, 2*u + g*u = l + 69953. Is u prime?
False
Suppose -5*f + 2*g = -11, -f - g = -8 + 3. Suppose 2*r + f*r - 23275 = -2*z, -5*r + z = -23290. Is r a composite number?
False
Let v(b) = -b**3 + 5*b**2 - 5*b - 1. Let z be v(3). Let n be -9 + 7 + 19714/z + -1. Suppose 4*f - n = -3*h - f, 4*f = 3*h - 9899. Is h a composite number?
True
Suppose -14*l + 5*l = -36. Is (42/(-12) + l)*57922 composite?
False
Let z be (0 + 1)/1*5. Suppose 3*y - 4 = -2*p, z*y = 5*p + 8*y - 10. Suppose p*r + 242 - 956 = -4*a, 4*a = 5*r + 721. Is a a composite number?
False
Let n be 8587/21 + (-2)/(-21). Let g = 228 + 36. Let m = g + n. Is m a prime number?
True
Suppose 4*i - 292 = 4*x, 5*i - 4*x - 180 - 182 = 0. Let c = 76 - i. Suppose u + 5*g + 3930 = c*u, -3*u + 2*g + 2359 = 0. Is u a prime number?
True
Suppose -4*d = -2*d - 1154. Let p = d + 142. Is p prime?
True
Suppose 0 = 175*u + 25550540 - 65947890. Is u a prime number?
False
Let u(c) = -34*c**3 - 39*c**2 + 10*c - 40. Is u(-13) prime?
False
Is 148710 - ((-116)/1392 - 85/(-12)) composite?
True
Let k(g) = 204*g**2 - 213*g - 160. Is k(-55) composite?
True
Let z be 24/162*6*(-54)/(-12). Suppose 2*r + 95014 = 4*q, -95026 = -4*q - z*r + 2*r. Is q prime?
False
Let f = 62 - 57. Suppose -4*u + g - 1620 = -21030, -2*u - f*g + 9716 = 0. Is u prime?
False
Let z be (-7)/5 + (-1027)/(-5). Let l = 8455 - z. Is l a prime number?
False
Let d be 12/4*1 + (1 - 2). Let f(z) = -2*z**d - 9*z + 12*z + 3*z**2 + 4 + z**2. Is f(-9) a composite number?
False
Let j = 1186 - -10120. Let u = j + -7021. Is u a prime number?
False
Let g be (-10434)/10 + (-2)/(-5). Let y(v) = 61*v**2 + 152*v - 739. Let w be y(5). Let r = g + w. Is r a composite number?
False
Suppose 3*n - 40 = -2*n. Suppose -2*m - n = -m + 4*i, 3*i + 15 = 0. Is (3/m)/(4/11216) a composite number?
False
Let r(x) be the third derivative of 13*x**5/15 + 2*x**4/3 + 11*x**3/6 - 3*x**2. Is r(-10) prime?
True
Let d = -74792 + 290433. Is d composite?
True
Let g = 70372 + -49655. Is g a prime number?
True
Let q(z) = -76*z**2 - 1. Let f be q(1). Let i = -58 - f. Suppose -i*m = -13*m - 1578. Is m prime?
True
Suppose -16*j - 13 = -19*j - a, j - 7 = a. Suppose -16*n + 17*n - 6897 = j*z, 13768 = 2*n + 3*z. Is n a composite number?
True
Suppose -5*l - 5*x + 3775 = 0, 6*l = 3*l - 2*x + 2268. Let b = l + 83. Is b composite?
True
Let l(z) = -5776*z - 2153. Is l(-36) a composite number?
False
Suppose -34*c + 198487 = 39*c. Is c prime?
True
Let r(b) = 241*b**3 - 4*b**2 - 18*b + 116. Is r(7) a prime number?
True
Let m(v) = 14*v**3 + 7*v**2 + 99*v - 1041. Is m(17) composite?
True
Suppose 0 = 107*i - 103*i - 20. Suppose -s - s - 17961 = -5*f, -5*f + i*s + 17955 = 0. Is f composite?
False
Suppose -13*s = 7*s - 100. Suppose 0 = 4*x - 20, 0 = s*c - x + 3*x - 66345. Is c a composite number?
False
Suppose -5*k + 24036629 = -2*p, 4*p = 33*k + 9*p - 158641806. Is k prime?
False
Let u be (-609)/261*1/((-2)/24). Is (-16)/u - (-159930)/14 a prime number?
True
Is (1/2)/((-286)/(-27387932)) a prime number?
True
Let n(m) = 8*m**3 - 18*m**2 - 160. Is n(13) prime?
False
Let d(b) = -2 - 44 + 1 - 8 - 135*b - 246*b. Suppose 6 = 4*q + 22. Is d(q) composite?
False
Suppose 0*r = -7*r + 140. Suppose -50 = 15*c - r*c. Suppose -2804 = 6*j - c*j. Is j a composite number?
False
Let i = 250 - 246. Suppose -k - 6049 = -i*l, -13*l + 4*k = -9*l - 6064. Is l a composite number?
False
Suppose 4 + 11 = -5*c + 5*y, -11 = 4*c - 5*y. Let j be 10 - (-7 - -3)/c. Suppose 2*i - 5*l - 1252 = 0, 0 = 4*l - j + 1. Is i composite?
False
Let y(h) = 36*h**2 - 13*h + 15277. Is y(0) composite?
False
Is 66567/(11 + 6 - 14) a prime number?
True
Is -3 + 2723/6 + -5*10/(-300) composite?
True
Let k = 22071 + 8402. Is k composite?
True
Let q(m) = 2*m**3 - 24*m**2 + 46*m - 41. Let l be q(14). Suppose 66848 = 11*t + l. Is t composite?
True
Let f(z) = -4*z**3 + 9*z**2 - 8*z + 3. Let q be f(-4). Is q/174 - ((-121134)/4)/3 a composite number?
True
Suppose 939*i - 926*i = 2312245. Is i a prime number?
False
Suppose -15*m + v = -10*m + 1, 2*m + 2*v + 10 = 0. Is 2/2 + m + 25626/6 prime?
True
Let m(l) = 162*l**2 - 30*l - 143. Is m(-16) a composite number?
False
Let h(a) = 10817*a**2 - 44*a + 37. Is h(4) composite?
False
Suppose -50704 = 132*k - 139*k + 51265. Is k a composite number?
True
Let w(c) = c**3 - 2*c**2 + c + 3. Let k be w(0). Suppose -k*x + 3*a = -2*a - 7097, 5*a - 7117 = -3*x. Is x a composite number?
True
Suppose 5*q + 634524 = 3*c - 338589, 2*c - 4*q = 648746. Is c a composite number?
False
Let y be (-184)/(-23) + 1*2 + 0. Suppose -4*i - y = 142. Let z = i - -95. Is z a composite number?
True
Suppose 2*p - 156940 = 4*x, -44*p + 42*p + 156942 = -5*x. Is p a prime number?
False
Let q = -3 - -8. Let d be 11/q + (-7)/35. Suppose j + 5750 = 5*j + 3*t, -2888 = -d*j + 5*t. Is j a composite number?
False
Suppose -2*s + 5*q = 16, 3*s + 10 = -0*q + 4*q. Suppose -4*a + 36371 = -0*a + 5*v, -4*a = -s*v - 36350. Is a a prime number?
False
Let w(d) = -2*d**2 - 26*d - 4. Let r be w(-12). Suppose 5*q = 2*c + c + 4760, 4*c = r. Suppose 0 = -4*t - t + q. Is t composite?
False
Suppose -5*w + 12582 = -3*g, -2*g - 3*g = 4*w - 10073. Suppose -w = 4*j - 7*j. Is j composite?
False
Suppose -8 = 3*v + 7. Let r(a) = -a**3 - 5*a**2 - 2*a - 5. Let c be r(v). Suppose -5*u = c*q - 1350, -4*q + 4 = -16. Is u a prime number?
False
Let n(a) = a**2 - 24*a + 17. Let l be n(23). Let x be (l/(-15))/(1/5). Suppose 6*q - 4*o = q + 2621, -4*q = x*o - 2076. Is q a prime number?
True
Let o = -5200 + 18324. Suppose -o + 35690 = 6*r. Is r a composite number?
False
Let o = 240930 - 8803. Is o a composite number?
True
Suppose -3*r + 282366 + 948350 = -5*w, -2*w = 4*r - 1640946. Is r composite?
True
Let q = -113330 + 269925. Is q a prime number?
False
Let h(z) = 431*z**2 + 3*z - 6. Let t be h(-2). Let u be -1 + -4 + t + 4. Suppose -u + 5681 = 10*a. Is a a composite number?
False
Let z(m) = -34899*m + 1619. Is z(-16) a prime numb